{"id":788,"date":"2020-05-03T18:42:06","date_gmt":"2020-05-03T16:42:06","guid":{"rendered":"http:\/\/nova-energija.hr\/?page_id=788"},"modified":"2026-02-01T19:27:40","modified_gmt":"2026-02-01T17:27:40","slug":"termin-za-tretman-i-cjenik","status":"publish","type":"page","link":"https:\/\/nova-energija.hr\/?page_id=788","title":{"rendered":"Termin za tretman i cjenik"},"content":{"rendered":"\n<p><strong>Tretmani se ugovaraju telefonom:<\/strong><\/p>\n\n\n\n<p><strong>098 164 5791&nbsp;<\/strong>&nbsp;<\/p>\n\n\n\n<figure class=\"wp-block-table\"><table><tbody><tr><td>&nbsp;<\/td><td class=\"has-text-align-center\" data-align=\"center\">Cijena tretmana &nbsp;u \u20acuro &nbsp;<\/td><\/tr><tr><td>&nbsp; 1. Tretman izravnavanja tijela.<br \/>  2. Tretman iscjeljivanja tijela, \u010di\u0161\u0107enje tijela od \u0161tetnog zra\u010denja i          balansiranje \u010dakri.<\/td><td class=\"has-text-align-center\" data-align=\"center\">   150.- \u20ac<br \/>     50,- \u20ac<\/td><\/tr><tr><td>&nbsp; Dodatni tretman iscjeljivanja u prvih 12.mjeseca nakon tretmana izravnavanja tijela.<\/td><td class=\"has-text-align-center\" data-align=\"center\">&nbsp;   60.- \u20ac<\/td><\/tr><tr><td>&nbsp; Dodatni tretman iscjeljivanja ako ste du\u017ee od 12mj. ne bili na terapiji ili subotom.<\/td><td class=\"has-text-align-center\" data-align=\"center\">&nbsp; &nbsp;80.- \u20ac<\/td><\/tr><tr><td>Cjenik:<br \/><strong>MetaVital Human TS<\/strong> \u2013 Oberon<br \/>\u00a0<br \/>Dijagnostika, istra\u017eivanje i terapija &#8211; cijelog tijela, uklju\u010duje i ljekovita sredstva  250,00 \u20acura.<br \/>\u00a0<br \/>Dijagnostika, istra\u017eivanje i terapija \u2013 pojedina\u010dnih organa obra\u010dunam po jedinici od 10 minuta, cijena jedinice 20,00 \u20acura.<br \/>\u00a0<br \/>Programiranje ljekovita sredstva (na kapi ili \u010dip) 20,00 \u20acura, <br \/>na poludragi kamen 20,00 \u20ac + cijena nakita.<br \/>\u00a0<br \/>Balansiranje tijela od strane sistema 120,00 \u20acura. <br \/>Uklju\u010duje raport\/izvje\u0161taj i preporuka prehrane.<br \/>\u00a0<br \/>Raport-izvje\u0161taj\u00a0 \u0161aljem na WhatsApp ili Viper u formatu Word ili PDF na njema\u010dkom jeziku! <\/td><td class=\"has-text-align-center\" data-align=\"center\"><\/td><\/tr><tr><td>&nbsp;<\/td><td class=\"has-text-align-center\" data-align=\"center\">&nbsp; <\/td><\/tr><tr><td colspan=\"3\">&nbsp; Dodatni tretman iscjeljivanja i izravnavanje tijela subotom, odr\u017eava se u grupi. &nbsp;<\/td><\/tr><tr><td colspan=\"3\">&nbsp;Cjenik va\u017ei od 01.02.2026. <br \/><strong>Pla\u0107anje u gotovini ili putem:<\/strong> <strong>VISA, Mastercard, Maestro, Apple Pay, Google Pay.<\/strong> <strong>&nbsp;<\/strong><\/td><\/tr><tr><td colspan=\"3\"><strong>&nbsp;<\/strong> <strong>Pozor!<\/strong> Prema Zakonu o porezu na dodanu vrijednost prodavatelj je obvezan ispostaviti ra\u010dun, a kupac je obavezan uzeti ra\u010dun i imati ga pri izlasku iz ordinacije. Neizdavanje i neuzimanje ra\u010duna ka\u017enjen je po zakonu. &nbsp;<\/td><\/tr><\/tbody><\/table><\/figure>\n\n\n\n<p>Nova energija d.o.o., Mihovljan, Zvir 2, 40000 \u010cakovec. Poslovnica 3<\/p>\n\n\n\n<p><strong>Ulaz na vlastito odgovornost!<\/strong><\/p>\n\n\n\n<div class=\"wp-block-columns is-layout-flex wp-container-3\">\n<div class=\"wp-block-column is-layout-flow\"><\/div>\n\n\n\n<div class=\"wp-block-column is-layout-flow\"><\/div>\n<\/div>\n\n\n\n<p><strong>Koliko ko\u0161ta duhovno ispravljanje kralje\u017enice?<\/strong><\/p>\n\n\n\n<p><strong>Duhovno iscjeljenje putem bo\u017eanskog duha je besplatno.<br \/>Ova vrsta lije\u010denja ne mo\u017ee biti pla\u0107en za svjetovnim sredstvima!<br \/>No, svi mi \u017eivimo u materijalnom svijetu i nitko ne mo\u017ee \u017eivjeti samo od ljubavi i zraka.<\/strong><\/p>\n\n\n\n<p><strong>Financijska razmjena mora postojati;<\/strong><\/p>\n\n\n\n<p><strong>prema kozmi\u010dkom zakonu to zna\u010di davati i uzimati,<br \/>jer je to potrebno za cijelu organizaciju koja stoji u pozadini.<\/strong><\/p>\n\n\n\n<p><strong>Cijene za tretman iscjeljivanja su prosje\u010dne shodno ekonomskoj situaciji u Hrvatskoj.<br \/>Samo to \u0161to svaki sudionik u tom danu dobije ima ve\u0107 svoju vrijednost.<br \/>Osim toga, duhovni iscjelitelj ima poreznih obveza.<\/strong><\/p>\n\n\n\n<p><strong>Po\u017eeljno je:<\/strong><\/p>\n\n\n\n<p><strong>da javnost to razumije te primjereno \u010dasno razmotri i prepozna velik anga\u017eman<br \/>duhovnog iscjelitelja spram te\u0161ko oboljelim ljudima!<\/strong><\/p>\n\n\n\n<p><strong>Citat iz:<\/strong><strong>Geistige Wirbels\u00e4ulenaufrichtung \u2013 Tanja Aeckersberg<br \/><\/strong><strong>Copyright<\/strong><\/p>\n\n\n\n<p><strong>OBAVIJEST&nbsp; O&nbsp; NA\u010cINU&nbsp; PODNO\u0160ENJA&nbsp; PRIGOVORA&nbsp; POTRO\u0160A\u010cA<br \/><\/strong>Sukladno \u010dl. 10. st. 2. Zakona o za\u0161titi potro\u0161a\u010da (NN 41\/14) obavje\u0161tavamo potro\u0161a\u010de da prigovor na kvalitetu na\u0161ih usluga mogu dostaviti u pisanom obliku na adresu:<\/p>\n\n\n\n<p>Nova energija d.o.o.<br \/>Mihovljan<br \/>Prvomajska 23<br \/>40000 \u010cakovec<\/p>\n\n\n\n<p>Bez odga\u0111anja \u0107emo Vam pisanim putem potvrditi primitak istog,<br \/>a odgovor na Va\u0161 prigovor dat \u0107emo u pisanom obliku najkasnije 15 dana od dana primitka prigovora.<\/p>\n\n\n\n<p>Povrat novaca na uslugu nema! Ovaj unos je objavljen u&nbsp;<a href=\"https:\/\/nova-energija.hr\/?cat=1\">Uncategorized<\/a>&nbsp;dana&nbsp;<a href=\"https:\/\/nova-energija.hr\/?p=3\"><time datetime=\"2009-04-01T22:26:46+02:00\">01\/04\/2009<\/time><\/a>&nbsp;autor&nbsp;<a href=\"https:\/\/nova-energija.hr\/?author=1\">admin<\/a>.&nbsp;<a href=\"https:\/\/nova-energija.hr\/wp-admin\/post.php?post=3&amp;action=edit\">Uredi<\/a><\/p>\n","protected":false},"excerpt":{"rendered":"<p>Tretmani se ugovaraju telefonom: 098 164 5791&nbsp;&nbsp; &nbsp; Cijena tretmana &nbsp;u \u20acuro &nbsp; &nbsp; 1. Tretman izravnavanja tijela. 2. Tretman iscjeljivanja tijela, \u010di\u0161\u0107enje tijela od \u0161tetnog zra\u010denja i balansiranje \u010dakri. 150.- \u20ac 50,- \u20ac &nbsp; Dodatni tretman iscjeljivanja u prvih 12.mjeseca nakon tretmana izravnavanja tijela. &nbsp; 60.- \u20ac &nbsp; Dodatni tretman iscjeljivanja ako ste du\u017ee [&hellip;]<\/p>\n","protected":false},"author":2,"featured_media":0,"parent":0,"menu_order":0,"comment_status":"closed","ping_status":"closed","template":"","meta":{"ngg_post_thumbnail":0},"_links":{"self":[{"href":"https:\/\/nova-energija.hr\/index.php?rest_route=\/wp\/v2\/pages\/788"}],"collection":[{"href":"https:\/\/nova-energija.hr\/index.php?rest_route=\/wp\/v2\/pages"}],"about":[{"href":"https:\/\/nova-energija.hr\/index.php?rest_route=\/wp\/v2\/types\/page"}],"author":[{"embeddable":true,"href":"https:\/\/nova-energija.hr\/index.php?rest_route=\/wp\/v2\/users\/2"}],"replies":[{"embeddable":true,"href":"https:\/\/nova-energija.hr\/index.php?rest_route=%2Fwp%2Fv2%2Fcomments&post=788"}],"version-history":[{"count":20,"href":"https:\/\/nova-energija.hr\/index.php?rest_route=\/wp\/v2\/pages\/788\/revisions"}],"predecessor-version":[{"id":1120,"href":"https:\/\/nova-energija.hr\/index.php?rest_route=\/wp\/v2\/pages\/788\/revisions\/1120"}],"wp:attachment":[{"href":"https:\/\/nova-energija.hr\/index.php?rest_route=%2Fwp%2Fv2%2Fmedia&parent=788"}],"curies":[{"name":"wp","href":"https:\/\/api.w.org\/{rel}","templated":true}]}}